e remainder when 220 is divided by 191?
29
What is the remainder when 404 is divided by 63?
26
What is the remainder when 35 is divided by 9?
8
What is the remainder when 557 is divided by 134?
21
What is the remainder when 533 is divided by 58?
11
What is the remainder when 350 is divided by 59?
55
What is the remainder when 3549 is divided by 29?
11
Calculate the remainder when 56 is divided by 14.
0
What is the remainder when 291 is divided by 42?
39
Calculate the remainder when 538 is divided by 226.
86
Calculate the remainder when 3831 is divided by 54.
51
What is the remainder when 21939 is divided by 37?
35
Calculate the remainder when 2004 is divided by 151.
41
Calculate the remainder when 213 is divided by 33.
15
Calculate the remainder when 590 is divided by 55.
40
Calculate the remainder when 284 is divided by 19.
18
What is the remainder when 1216 is divided by 68?
60
What is the remainder when 99 is divided by 41?
17
Calculate the remainder when 1009 is divided by 31.
17
Calculate the remainder when 19883 is divided by 163.
160
Calculate the remainder when 1215 is divided by 10.
5
What is the remainder when 127 is divided by 27?
19
Calculate the remainder when 95 is divided by 14.
11
What is the remainder when 934 is divided by 14?
10
Calculate the remainder when 182 is divided by 24.
14
What is the remainder when 665 is divided by 46?
21
Calculate the remainder when 13 is divided by 2.
1
Calculate the remainder when 3717 is divided by 20.
17
What is the remainder when 248 is divided by 63?
59
Calculate the remainder when 997 is divided by 143.
139
Calculate the remainder when 20128 is divided by 10.
8
Calculate the remainder when 3964 is divided by 59.
11
Calculate the remainder when 2906 is divided by 171.
170
What is the remainder when 115 is divided by 61?
54
Calculate the remainder when 34 is divided by 31.
3
What is the remainder when 483 is divided by 156?
15
What is the remainder when 1793 is divided by 300?
293
Calculate the remainder when 619 is divided by 42.
31
What is the remainder when 94 is divided by 5?
4
What is the remainder when 745 is divided by 15?
10
What is the remainder when 34 is divided by 7?
6
What is the remainder when 794 is divided by 160?
154
Calculate the remainder when 1070 is divided by 51.
50
What is the remainder when 9 is divided by 3?
0
What is the remainder when 2739 is divided by 194?
23
What is the remainder when 246 is divided by 49?
1
Calculate the remainder when 93 is divided by 14.
9
What is the remainder when 408 is divided by 69?
63
What is the remainder when 833 is divided by 188?
81
Calculate the remainder when 276 is divided by 94.
88
Calculate the remainder when 2985 is divided by 29.
27
What is the remainder when 257 is divided by 131?
126
What is the remainder when 6897 is divided by 14?
9
Calculate the remainder when 2202 is divided by 119.
60
What is the remainder when 625 is divided by 35?
30
Calculate the remainder when 8267 is divided by 106.
105
Calculate the remainder when 198 is divided by 103.
95
What is the remainder when 227 is divided by 53?
15
Calculate the remainder when 219 is divided by 83.
53
Calculate the remainder when 179 is divided by 31.
24
What is the remainder when 1062 is divided by 76?
74
Calculate the remainder when 2734 is divided by 668.
62
What is the remainder when 173 is divided by 89?
84
Calculate the remainder when 174 is divided by 82.
10
What is the remainder when 74 is divided by 72?
2
What is the remainder when 357 is divided by 18?
15
What is the remainder when 181 is divided by 50?
31
What is the remainder when 519 is divided by 52?
51
What is the remainder when 251 is divided by 9?
8
Calculate the remainder when 32 is divided by 21.
11
What is the remainder when 403 is divided by 127?
22
What is the remainder when 1244 is divided by 254?
228
Calculate the remainder when 64 is divided by 23.
18
Calculate the remainder when 7726 is divided by 138.
136
What is the remainder when 130 is divided by 36?
22
Calculate the remainder when 329 is divided by 33.
32
Calculate the remainder when 1371 is divided by 13.
6
Calculate the remainder when 775 is divided by 21.
19
What is the remainder when 541 is divided by 6?
1
Calculate the remainder when 1215 is divided by 47.
40
What is the remainder when 454 is divided by 128?
70
Calculate the remainder when 757 is divided by 152.
149
What is the remainder when 18444 is divided by 35?
34
Calculate the remainder when 3929 is divided by 1307.
8
Calculate the remainder when 647 is divided by 65.
62
Calculate the remainder when 199 is divided by 8.
7
What is the remainder when 938 is divided by 465?
8
What is the remainder when 96 is divided by 9?
6
Calculate the remainder when 5308 is divided by 408.
4
Calculate the remainder when 55 is divided by 54.
1
Calculate the remainder when 490 is divided by 6.
4
Calculate the remainder when 10526 is divided by 65.
61
Calculate the remainder when 69 is divided by 61.
8
Calculate the remainder when 493 is divided by 74.
49
Calculate the remainder when 85 is divided by 45.
40
What is the remainder when 267 is divided by 242?
25
What is the remainder when 671 is divided by 16?
15
Calculate the remainder when 1385 is divided by 302.
177
Calculate the remainder when 1328 is divided by 74.
70
What is the remainder when 60 is divided by 40?
20
What is the remainder when 98 is divided by 28?
14
Calculate the remainder when 7174 is divided by 18.
10
Calculate the remainder when 137 is divided by 71.
66
What is the remainder when 2656 is divided by 76?
72
Calculate the remainder when 37 is divided by 7.
2
What is the remainder when 113 is divided by 36?
5
What is the remainder when 48 is divided by 6?
0
Calculate the remainder when 104 is divided by 50.
4
What is the remainder when 588 is divided by 144?
12
What is the remainder when 2527 is divided by 17?
11
What is the remainder when 970 is divided by 162?
160
What is the remainder when 682 is divided by 100?
82
Calculate the remainder when 538 is divided by 26.
18
What is the remainder when 170 is divided by 2?
0
What is the remainder when 358 is divided by 74?
62
Calculate the remainder when 963 is divided by 13.
1
What is the remainder when 9708 is divided by 145?
138
Calculate the remainder when 282 is divided by 44.
18
What is the remainder when 456 is divided by 29?
21
What is the remainder when 80 is divided by 2?
0
Calculate the remainder when 263 is divided by 17.
8
What is the remainder when 488 is divided by 71?
62
What is the remainder when 1586 is divided by 35?
11
Calculate the remainder when 393 is divided by 387.
6
What is the remainder when 9981 is divided by 23?
22
What is the remainder when 160 is divided by 152?
8
Calculate the remainder when 124 is divided by 4.
0
Calculate the remainder when 335 is divided by 6.
5
Calculate the remainder when 3954 is divided by 3947.
7
Calculate the remainder when 1347 is divided by 10.
7
Calculate the remainder when 9102 is divided by 22.
16
What is the remainder when 382 is divided by 49?
39
Calculate the remainder when 600 is divided by 42.
12
Calculate the remainder when 265 is divided by 21.
13
What is the remainder when 257 is divided by 106?
45
Calculate the remainder when 88 is divided by 48.
40
Calculate the remainder when 60 is divided by 11.
5
Calculate the remainder when 3647 is divided by 19.
18
What is the remainder when 892 is divided by 84?
52
What is the remainder when 571 is divided by 9?
4
Calculate the remainder when 167 is divided by 29.
22
What is the remainder when 49 is divided by 4?
1
What is the remainder when 176 is divided by 27?
14
What is the remainder when 18 is divided by 3?
0
Calculate the remainder when 218 is divided by 40.
18
Calculate the remainder when 18188 is divided by 47.
46
Calculate the remainder when 14261 is divided by 17.
15
Calculate the remainder when 3396 is divided by 847.
8
Calculate the remainder when 225 is divided by 106.
13
Calculate the remainder when 285 is divided by 148.
137
What is the remainder when 2292 is divided by 27?
24
What is the remainder when 88 is divided by 13?
10
Calculate the remainder when 719 is divided by 38.
35
What is the remainder when 319 is divided by 304?
15
What is the remainder w